composite number?
True
Is 56593851199 composite?
False
Is 24783653207 a prime number?
False
Is 946093541 composite?
False
Is 1486531811 composite?
False
Is 21153875651 a prime number?
True
Is 488879107 composite?
True
Is 59507953643 composite?
True
Is 19553075173 prime?
True
Is 277639859011 a composite number?
False
Is 529968601 prime?
True
Is 295590749 prime?
False
Is 13330317953 a composite number?
True
Is 19109537 a composite number?
False
Is 50110214281 composite?
True
Is 3932240881 a prime number?
True
Is 1656382474 composite?
True
Is 7496965687 a prime number?
True
Is 2979601103 composite?
False
Is 627716909 prime?
True
Is 52206551317 a prime number?
True
Is 4215682109 prime?
True
Is 52565928631 prime?
True
Is 17034781453 a prime number?
False
Is 1299174223 prime?
True
Is 14681719123 a prime number?
False
Is 531253781 a composite number?
True
Is 25421882581 prime?
True
Is 93612268961 prime?
True
Is 10153990957 composite?
True
Is 160776121909 prime?
False
Is 5355625333 composite?
False
Is 5350881013 prime?
False
Is 788620499 composite?
False
Is 10939275537 a prime number?
False
Is 2429115673 composite?
False
Is 62790829 prime?
False
Is 4638531383 prime?
False
Is 1717517239 a prime number?
True
Is 35079044447 a prime number?
True
Is 1005097271 composite?
True
Is 1039687729 a prime number?
False
Is 187795009 composite?
False
Is 489729529 a composite number?
True
Is 5814685291 a composite number?
False
Is 865665257 a composite number?
True
Is 361101106 prime?
False
Is 43454833 a prime number?
True
Is 119945053 a prime number?
False
Is 720692299 prime?
True
Is 11342689157 prime?
False
Is 39635819 composite?
False
Is 3558489943 prime?
False
Is 2079461939 a composite number?
False
Is 2832466073 prime?
True
Is 75821564722 composite?
True
Is 1415238299 composite?
False
Is 5503086763 prime?
False
Is 49790857819 a composite number?
True
Is 30746807549 prime?
False
Is 303917429 composite?
False
Is 2218519973 a composite number?
True
Is 69786845717 prime?
False
Is 2889368701 prime?
False
Is 3495445661 a prime number?
False
Is 18788019719 a prime number?
False
Is 47378226149 composite?
True
Is 1522311821 a composite number?
False
Is 11263232293 prime?
True
Is 4499371853 a prime number?
False
Is 67521562609 a prime number?
True
Is 713517397 composite?
True
Is 441999199 a prime number?
True
Is 546756569 a composite number?
False
Is 3307543027 a prime number?
True
Is 18652093 a composite number?
False
Is 58483939 a composite number?
True
Is 3017429131 prime?
False
Is 1549919909 a prime number?
True
Is 94834435069 prime?
False
Is 421679941 composite?
False
Is 1445136881 a composite number?
True
Is 1380892895 a prime number?
False
Is 1338143759 composite?
False
Is 357086031121 prime?
False
Is 10676456911 a composite number?
False
Is 20562258173 composite?
True
Is 457218859 a prime number?
False
Is 43182709 a prime number?
False
Is 2357714497 a composite number?
False
Is 9111407861 composite?
True
Is 1761860383 prime?
True
Is 9447169723 composite?
False
Is 13144714663 a prime number?
True
Is 29456729 composite?
False
Is 4695123527 prime?
True
Is 198330638131 a composite number?
False
Is 1373633083 composite?
True
Is 126749797 prime?
False
Is 2258873567 a composite number?
False
Is 10656740293 prime?
True
Is 8282341051 a composite number?
False
Is 9273312943 prime?
False
Is 2641323283 a prime number?
True
Is 33556966691 prime?
False
Is 41433313 a composite number?
False
Is 911285363 prime?
False
Is 17562201659 a composite number?
False
Is 4985410141 a composite number?
True
Is 36065649371 a prime number?
True
Is 5682200527 prime?
True
Is 10117197971 composite?
True
Is 2116941389 prime?
True
Is 1931989751 a prime number?
False
Is 3456081677 composite?
False
Is 1509384173 a composite number?
True
Is 1239369883 prime?
True
Is 19103792009 a prime number?
True
Is 187024709 prime?
True
Is 105088963457 a composite number?
True
Is 8188378319 a composite number?
True
Is 25092236553 a composite number?
True
Is 25136118929 composite?
False
Is 36607117171 prime?
False
Is 42286002599 prime?
False
Is 5706602879 prime?
False
Is 99492516853 prime?
True
Is 8427567719 a composite number?
True
Is 275944387 a composite number?
True
Is 1273411471 prime?
True
Is 6538418869 composite?
False
Is 883051567 prime?
True
Is 394345961 composite?
True
Is 12045703237 a composite number?
False
Is 5311202741 composite?
True
Is 42882479779 prime?
True
Is 52067326691 composite?
True
Is 3895835431 composite?
True
Is 6949850279 a composite number?
False
Is 9548815949 composite?
False
Is 1076707013 a prime number?
False
Is 15319692373 prime?
False
Is 4693079747 prime?
True
Is 479630227 prime?
False
Is 2134920647 prime?
False
Is 95596029629 a composite number?
True
Is 20269054621 a prime number?
True
Is 9688393787 prime?
False
Is 12611620621 prime?
True
Is 3341751199 prime?
False
Is 5413229209 a composite number?
False
Is 92333401 a prime number?
True
Is 25915550627 composite?
False
Is 12448176701 prime?
True
Is 325197079 a prime number?
True
Is 186433477 a prime number?
True
Is 46475282219 composite?
False
Is 49420193 prime?
False
Is 1833014737 a prime number?
True
Is 1331852107 prime?
False
Is 241159033 a composite number?
True
Is 700498257 a composite number?
True
Is 8167295987 prime?
True
Is 127812280373 composite?
True
Is 1043189833 prime?
False
Is 106454985253 a composite number?
True
Is 632489093 a composite number?
False
Is 1948019093 prime?
True
Is 13356779 a composite number?
False
Is 207798943883 a composite number?
False
Is 140236091 composite?
True
Is 15353869129 composite?
False
Is 69279744961 a composite number?
True
Is 9947843723 composite?
True
Is 1861660417 composite?
False
Is 3849175007 a composite number?
False
Is 127375271543 composite?
True
Is 5138151989 prime?
True
Is 183461181779 composite?
False
Is 21664195957 a prime number?
True
Is 656679473 prime?
False
Is 565722709 a composite number?
True
Is 2716183121 prime?
True
Is 20642432245 prime?
False
Is 42610620293 composite?
False
Is 1362898931 a prime number?
False
Is 707717317 a composite number?
False
Is 6522775073 prime?
True
Is 132035993 prime?
False
Is 2414650067 composite?
False
Is 47473344251 prime?
True
Is 1126142893 composite?
False
Is 233651261 a composite number?
True
Is 618738214 prime?
False
Is 2928290009 a composite number?
False
Is 5027089729 a composite number?
True
Is 6142703737 prime?
False
Is 3395884603 a prime number?
False
Is 364443559 composite?
False
Is 138584899 a composite number?
False
Is 786226603 a composite number?
False
Is 1233646657 prime?
True
Is 27149449 a prime number?
True
Is 19800470461 composite?
True
Is 158208583 prime?
False
Is 542654303 a prime number?
True
Is 30142124663 composite?
True
Is 45312939983 composite?
False
Is 815296687 a prime number?
True
Is 9844319393 composite?
False
Is 124292507 a composite number?
False
Is 1475676467 composite?
False
Is 10870858241 composite?
True
Is 101792230817 prime?
False
Is 1070556499 composite?
True
Is 16378573787 a prime number?
False
Is 153423365123 a prime number?
False
Is 48293488703 a composite number?
False
Is 53379152579 a prime number?
True
Is 31950067987 a composite number?
True
Is 13941821 composite?
True
Is 18390681709 a composite number?
False
Is 621962059 a composite number?
True
Is 14909527481 a prime number?
True
Is 66001057 prime?
False
Is 17214865331 a prime number?
False
Is 98167099583 prime?
False
Is 1158310019 a composite number?
False
Is 643875893 composite?
True
Is 493949153 a composite number?
False
Is 165203387 a composite number?
False
Is 52192444061 a composite number?
False
Is 423976879 composite?
False
Is 218227727 a prime number?
False
Is 73281420941 a composite number?
False
Is 953854711 a prime number?
False
Is 82701817 a composite number?
True
Is 9905642957 a prime number?
False
Is 18801751 prime?
False
Is 543504209 prime?
True
Is 5787869587 a composite number?
False
Is 499282963 prime?
False
Is 841400429 a composite number?
False
Is 75325173229 a prime number?
False
Is 663276547 composite?
True
Is 7409047979 composite?
True
Is 8063726861 prime?
True
Is 1634459657 a composite number?
False
Is 964486489 prime?
False
Is 141848029397 prime?
True
Is 898068163 prime?
False
Is 117368979941 a prime number?
False
Is 